ulate r(c).
-4
Let k(s) = -s**2 + s + 3. Suppose -2*f + 0*f = 0. Calculate k(f).
3
Suppose 3*u - 16 = -u. Let p(r) = -2*r**3 + 0*r**2 - 6 + 3*r**3 - r**2 - u. Give p(0).
-10
Let n(p) = 3 - 71*p + 145*p - 71*p. Give n(-2).
-3
Suppose 0 = -4*f + 6*f + 6. Let v(h) = -h**3 + 6*h**2 - h + 8. Let b be v(6). Let t(x) = x + 0*x**2 - 1 - 5*x - x**b. What is t(f)?
2
Let o(f) be the first derivative of f - 1 + 0*f**2 - 5/6*f**3. Let h(n) be the first derivative of o(n). What is h(1)?
-5
Let q(a) = 2*a**2 - 94 + 107 - 4*a**2 - 7*a + a**2. Determine q(-9).
-5
Let p(q) = q**2 - 7*q + 4. Let c be p(7). Suppose -j = c*j. Let v(g) = -g. Determine v(j).
0
Let u(a) = 4*a**2 - 4*a + 3. Suppose 4 + 4 = 2*t. Suppose -l - 10 = l. Let v(p) = 3*p**2 - 3*p + 3. Let m(w) = l*v(w) + t*u(w). Give m(0).
-3
Suppose -2*c = -0*c. Suppose 3*g - 4*g + 2 = c. Let s(u) = -5*u - u**g + u + u + 1. What is s(-2)?
3
Suppose 10 = 2*f + 6. Let i(p) = 3*p**3 - p**2 - 1. What is i(f)?
19
Let o(w) = -w**2 + 4*w - 5. Let x(v) = -v - 2. Let f(a) be the first derivative of -7*a**2/2 + a + 4. Let h be f(1). Let i be x(h). Give o(i).
-5
Let n(g) = 4 + 2*g**2 - 2 - 7*g - 3*g**2. Let x be n(-7). Let z be (-1)/((-2)/8*x). Let i(r) = r**3 - 2*r**2 + r + 2. Determine i(z).
4
Suppose -3*l + 12 = -4*c - 14, -2 = 4*l + 2*c. Let x(t) be the second derivative of t**4/6 - t**3/6 - t**2 + 14*t. Determine x(l).
4
Let v(d) = d**2 - 13*d - 4. Let h(i) = 5*i - 27. Let s be h(8). Determine v(s).
-4
Let h be ((-6)/(-4))/(1/2). Let j(v) be the second derivative of -v**4/12 + v**3/6 + 2*v**2 - v. Calculate j(h).
-2
Suppose 11*v + 8 = 13*v. Let u(t) = -t**2 + 7*t - 3. What is u(v)?
9
Let c(x) be the second derivative of -x**4/12 - 13*x**2/2 - 19*x. Calculate c(0).
-13
Let w(y) = -y - 2. Let g be w(-5). Let h(s) = g + 3*s - 3*s - 6*s + 5*s. Determine h(6).
-3
Let g(f) = -f**3 - 5*f**2 - 2*f - 6. Let a = -30 - -25. Determine g(a).
4
Let x(m) = -7*m**3 + 14*m**2 + 9*m - 8. Let u(y) = -6*y**3 + 13*y**2 + 9*y - 8. Let w(a) = 6*u(a) - 5*x(a). Determine w(9).
-8
Let t(z) = 0*z**2 - 74 + z**3 + 76 - 6*z - 3*z**2. Give t(4).
-6
Let a(o) = 2*o**2 + 2*o**2 + 2 - 3*o**2 - 2*o**2 + o + o**3. Determine a(2).
8
Let v be -3*(7/(-3) + 1). Suppose 0 = 2*i + 4, 4*i - 9 = -v*u - 1. Let m(y) = 0 - y**3 - 5 - y + 5*y**2 + 1. Calculate m(u).
8
Let a be (-3)/(-30) + (-2)/(-5). Let n(o) be the second derivative of -1/6*o**4 - 1/3*o**3 - 2*o + 0 - a*o**2 + 1/4*o**5. What is n(-1)?
-6
Let g(r) be the first derivative of r**4/2 - r**3/3 + r**2/2 - 1. Let i = -86 + 87. Calculate g(i).
2
Let j(a) be the third derivative of -a**5/60 - a**4/12 + 2*a**3/3 + a**2. Let p = -28 + 24. What is j(p)?
-4
Suppose 9 = 3*l - 0. Let w(p) = -p + 4. What is w(l)?
1
Let k(o) = -o**2 + 8*o + 4. Let y(n) = -n**3 + 21*n**2 - 21*n + 29. Let j be y(20). Calculate k(j).
-5
Let b(r) = -3*r + 6. Suppose -5*s + 4*v = -0*v - 27, 2*v = -4*s + 32. Determine b(s).
-15
Let r(t) = -t**3 - t**2 - 2. Let h(m) = m**2 - 2*m + 1. Let j be h(3). Let c(u) = -u**3 + 4*u**2 - 2. Let s be c(j). Calculate r(s).
2
Let g(k) = -574 + 3*k + 288 + 289. What is g(-3)?
-6
Let g(p) = -p**3 - 1. Let z(y) = 2*y**3 - y**2 - 3*y - 2. Let c(k) = g(k) + z(k). Calculate c(3).
6
Let u be ((-2)/(-1) + -1)*5. Let o = u - 4. Let t(k) = -4*k**3 - k**2 + 1. Determine t(o).
-4
Let c(w) = -w. Let q be c(-3). Let u(t) = -3*t**2 - 1 + 2 - t - q*t**2 - 2*t**2. Let b = -3 + 4. What is u(b)?
-8
Let r(s) = -3*s + 3*s**2 - 5*s**2 - s**2 - s + 3. Let q(c) = -5*c**2 - 7*c + 5. Let w(a) = -4*q(a) + 7*r(a). What is w(-1)?
0
Let g = 7 - 12. Let u = 6 - 4. Let b(f) = -1 - 2*f**2 + f**u - 5*f + 4. Calculate b(g).
3
Let w = -19 + 21. Let y(z) = -z**w + 4*z - 10 - 42*z**3 + 41*z**3 - 3*z. Calculate y(0).
-10
Let w be -1 + 0 - (-11 + 8). Let c(k) be the first derivative of 1/4*k**4 - 5/3*k**3 + 2*k**w - 2*k + 3. What is c(4)?
-2
Suppose 4*c - 50 + 18 = -5*b, 0 = -3*c - b + 13. Let y(t) = 2*t**3 - t**3 - t - 5*t**3 + 4*t**2 + 3*t**c. Calculate y(2).
6
Let q(b) be the third derivative of -b**5/60 + 7*b**4/24 - 5*b**3/6 - b**2. Let l be (-1)/3 + 154/21. Suppose -2*u = -1 - l. Give q(u).
7
Let r(b) = b**3 + 9*b**2 - 5*b + 4. Let n(p) = p**2 - p. Let g(d) = 5*n(d) - r(d). Give g(-3).
-13
Let c = -32 - -32. Let a(n) = -n**2 - 4. What is a(c)?
-4
Suppose -f + 3 + 3 = 0. Let y(o) = -o**3 + 6*o**2 + o + 2. Calculate y(f).
8
Suppose 0 = -5*z - 0*p + 4*p + 34, 5*z - 2*p = 32. Let s(k) = k**2 - 5*k - 6. Determine s(z).
0
Let s be (0 - (-12)/10)/(37/185). Let g(o) = o**3 - 7*o**2 + 7*o - 3. Calculate g(s).
3
Let s = 9 - 5. Suppose -s*h - y = 8 + 6, -5*y = -3*h - 22. Let u(c) = c**3 + 5*c**2 + 3*c - 3. Give u(h).
1
Let m(s) be the first derivative of 3*s**2/2 - s + 38. Calculate m(5).
14
Let g(p) = p**2 - 5*p - 4. Suppose 5 + 1 = 3*b. Let w be 1/(87/(-45) + b). Suppose 2*z + z - w = 0. Calculate g(z).
-4
Suppose 0 = 5*s - h - 14, s = -2*h + 5. Let k(y) be the third derivative of y**6/120 - y**5/12 + 5*y**4/24 - y**3/2 + 9*y**2. Determine k(s).
-6
Suppose 0 = -2*n - 1 + 5. Suppose z = -2*s + 11, n*s = -3*s - 3*z + 28. Let q(b) be the first derivative of b**3/3 - 3*b**2 + 6*b + 1. Calculate q(s).
1
Let i(y) be the first derivative of y**2 - y + 14. Give i(3).
5
Let q = 17 - 14. Let n(l) = -l - 3. Give n(q).
-6
Let p(i) be the second derivative of -i**3/3 - i**2/2 + 2*i. Calculate p(-1).
1
Let y(i) be the second derivative of -i**3/6 + 5*i**2/2 + 15*i. Let k(g) = -g**3 - 5*g**2 + 5. Let s be k(-5). Calculate y(s).
0
Let w be (1/(-2))/(3/36*-2). Let z(j) = j**3 - 4*j**2 + 2*j - 3. Calculate z(w).
-6
Let z(i) be the second derivative of 0 - 3/2*i**2 - 1/6*i**3 - 4*i. Suppose 0*a + 3*a = -s - 14, -2*a = -4*s - 14. What is z(s)?
2
Suppose -21 = 3*i + 4*r - r, i + 4*r = -16. Let y = -2 - i. Let z(s) = -s**3 + 3*s**2 - 2*s - 1. Determine z(y).
-1
Let i(f) = f**3 - 5*f**2 + 4*f + 3. Let q be i(4). Let t(k) = 4*k**3 + 6*k + 3*k**2 + 2 - 5*k**q - 8. Determine t(4).
2
Let t(n) = -3*n**3 + 5*n**2 - 7 + n**2 + 2*n + 2*n**3. Let d(b) = -b**3 + 4*b**2 + b + 2. Let l be d(4). Determine t(l).
5
Let d = 83 + -81. Let b(a) be the first derivative of 3/2*a**2 + d + a. Give b(-3).
-8
Let a be 1/2*(-2)/1. Let z(p) = -9*p**3 + 4*p**2 + 3*p + 3. Let i(x) = 3*x**3 - x**2 - x - 1. Let o(l) = 7*i(l) + 2*z(l). Calculate o(a).
-2
Let y(v) = -v**2 + 7*v - 5. Let w = 7 + -1. Let g = -1 + w. Give y(g).
5
Let a(c) = c**2 - c - 1. Let h(v) = -v**3 - v**2 + 2*v + 6. Let u(j) = 5*a(j) + h(j). Suppose n = -0*n + 3. Calculate u(n).
1
Let d(y) be the second derivative of -y**4/24 + y**3/3 + 3*y**2 - 3*y. Let n(t) be the first derivative of d(t). What is n(4)?
-2
Let t(c) be the first derivative of -1/4*c**4 + 7*c - 1/2*c**2 + 5/3*c**3 - 6. Let z = 1 - -4. Calculate t(z).
2
Let s(b) be the second derivative of -b**5/20 + b**3/6 - 5*b**2/2 - 3*b - 4. What is s(0)?
-5
Let d(j) = j**3 - 4*j**2 - 4*j + 2. Suppose 0 = -4*h + 6*h. Let n = h + 5. Give d(n).
7
Let u be 0/3 - 6/(-3). Let q(s) = -u*s + 5*s + 5*s - 3*s. Suppose a - 5*a = 4*r + 16, 5*r - 4*a = 7. Determine q(r).
-5
Suppose -3 = -4*q + 13. Let u(m) = -2*m + 10 - q - 7. Calculate u(-2).
3
Let q(r) = -r**2 + 6*r + 3. Suppose 3*t = -2*t + 25. Determine q(t).
8
Let h(c) be the third derivative of 0*c + 0 - 1/8*c**4 + 1/30*c**5 + 5*c**2 + 1/120*c**6 + 0*c**3. Let z(d) = -2*d**2 - 1. Let j be z(1). What is h(j)?
0
Let v(c) = c**3 - c**2 + 1. Let s be ((-4)/6)/(1/(-9)). Suppose 7*g = 4*g + s. Suppose -g*k = -k. What is v(k)?
1
Let r be 14/63 + (-7)/(-9). Let j be -1 - (-3)/r - -7. Let b(c) = 8*c**2 - j*c**2 + 0 + 1 - 6*c - 2. What is b(-4)?
7
Let v(y) be the second derivative of -2*y**2 + 1/3*y**4 - 1/3*y**3 + 0 + 1/20*y**5 + 2*y. Determine v(-4).
4
Let f(a) = a**2 - 8*a - 3. Let h = -49 - -55. Determine f(h).
-15
Let m be (-4)/6 + (-128)/6. Let w(p) = p - 1. Let x(l) be the second derivative of 2*l**3 - 9*l**2/2 + 3*l. Let u(t) = m*w(t) + 2*x(t). Give u(-4).
-4
Let f(a) be the first derivative of -4 - 6*a + 4*a**2 - 1/3*a**3. Determine f(5).
9
Let r(c) = c - 5. Suppose -90 = 3*d - 8*d. Suppose 7 + d = 5*g. Let l(v) = v**3 - 6*v**2 + 6*v - 1. Let t be l(g). Give r(t).
-1
Let o = 15 + -7. Let p(t) = -t**2 + 9*t - 7. Determine p(o).
1
Suppose 1 + 8 = -3*w. Suppose u - 5*u = 0. Let v(g) = -2 + u*g**2 - 1 + 4*g + 2 + 2*g**2. What i